{"id":8,"date":"2012-03-21T13:31:56","date_gmt":"2012-03-21T13:31:56","guid":{"rendered":"http:\/\/juergen-wilke.net\/?page_id=8"},"modified":"2022-09-11T22:35:26","modified_gmt":"2022-09-11T22:35:26","slug":"zur-person","status":"publish","type":"page","link":"https:\/\/juergen-wilke.net\/?page_id=8","title":{"rendered":"Zur Person"},"content":{"rendered":"<div id=\"attachment_9\" style=\"width: 116px\" class=\"wp-caption alignright\"><img loading=\"lazy\" decoding=\"async\" aria-describedby=\"caption-attachment-9\" class=\"size-medium wp-image-9\" title=\"Zur Person\" src=\"http:\/\/juergen-wilke.net\/wp-content\/uploads\/2013\/08\/Bild2013.jpg\" alt=\"J\u00fcrgen Wilke\" width=\"106\" height=\"149\"><p id=\"caption-attachment-9\" class=\"wp-caption-text\">Bild: Christof Mattes<\/p><\/div>\n<ul>\n<li>J\u00fcrgen Wilke wurde 1943 in Goldap, Ostpr. geboren.<\/li>\n<li>Studium der Germanistik, Publizistik und Kunstgeschichte in Mainz und M\u00fcnster (Westfalen). Promotion zum Dr. phil. 1971.<\/li>\n<li>Journalistische T\u00e4tigkeit.<\/li>\n<li>Wiss. Mitarbeiter am Institut f\u00fcr Publizistik der Universit\u00e4t Mainz. Habilitation 1983.<\/li>\n<li>Von 1984 bis 1988 Professor (Lehrstuhl Journalistik I) an der Katholischen Universit\u00e4t Eichst\u00e4tt.<\/li>\n<li>1985 Erhalt eines Rufes an die Universit\u00e4t M\u00fcnchen (abgelehnt).<\/li>\n<li>Seit 1988 Professor f\u00fcr Publizistik an der Universit\u00e4t Mainz. Wiederholt Gesch\u00e4ftsf\u00fchrender Leiter des Instituts f\u00fcr&nbsp;Publizistik.<\/li>\n<li>1986-1988 Vorsitzender der Deutschen Gesellschaft f\u00fcr Publizistik- und Kommunikationswissenschaft.<\/li>\n<li>1993 und 1999 Visiting Scholar an der University of Washington in Seattle (USA).<\/li>\n<li>Gastprofessor am Freien Russisch-Deutschen Institut f\u00fcr Publizistik der Lomonossow-Universit\u00e4t Moskau (seit 1995) und an der Universit\u00e4t Lugano (seit 2001).<\/li>\n<li>Pr\u00e4sident der History Section der International Association for Media and Communication Research (IAMCR) (1996-2000) und Mitglied in deren International Council (2000-2008).<\/li>\n<li>Mitglied verschiedener Kommissionen und Wissenschaftlicher Beir\u00e4te.<\/li>\n<li>1998-2003 Dekan des Fachbereichs Sozialwissenschaften der Johannes Gutenberg-Universit\u00e4t Mainz.<\/li>\n<li>2004 Verleihung des Titels eines \u201eProfessor honoris causa&#8220; durch die Fakult\u00e4t f\u00fcr Journalistik der Lomonossow-Universit\u00e4t Moskau.<\/li>\n<li>2005 Wahl zum Korrespondierenden Mitglied der \u00d6sterreichischen Akademie der Wissenschaften.<\/li>\n<li>2006-2011 Obmann (Vorsitzender) des Wissenschaftlichen Beirats des Zentrums Sozialwissenschaften der \u00d6sterreichischen Akademie der Wissenschaften.<\/li>\n<li>Ihm zu Ehren haben die Professoren Carsten Reinemann und Rudolf St\u00f6ber eine Festschrift herausgegeben. Sie tr\u00e4gt den Titel: \u201e<a href=\"http:\/\/www.halem-verlag.de\/2011\/wer-die-vergangenheit-kennt-hat-eine-zukunft\/\">Wer die Vergangenheit kennt, hat eine Zukunft<\/a>\u201c.<\/li>\n<li>2012 Pensionierung<\/li>\n<\/ul>\n","protected":false},"excerpt":{"rendered":"<p>J\u00fcrgen Wilke wurde 1943 in Goldap, Ostpr. geboren. Studium der Germanistik, Publizistik und Kunstgeschichte in Mainz und M\u00fcnster (Westfalen). Promotion zum Dr. phil. 1971. Journalistische T\u00e4tigkeit. Wiss. Mitarbeiter am Institut f\u00fcr Publizistik der Universit\u00e4t Mainz. Habilitation 1983. Von 1984 bis 1988 Professor (Lehrstuhl Journalistik I) an der Katholischen Universit\u00e4t Eichst\u00e4tt. 1985 Erhalt eines Rufes an die Universit\u00e4t M\u00fcnchen (abgelehnt). Seit 1988 Professor f\u00fcr Publizistik an der Universit\u00e4t Mainz. Wiederholt Gesch\u00e4ftsf\u00fchrender Leiter des Instituts f\u00fcr&nbsp;Publizistik. 1986-1988 Vorsitzender der Deutschen Gesellschaft f\u00fcr Publizistik- und Kommunikationswissenschaft. 1993 und 1999 Visiting Scholar an der University of Washington in Seattle (USA). Gastprofessor am Freien Russisch-Deutschen Institut f\u00fcr Publizistik der Lomonossow-Universit\u00e4t Moskau (seit 1995) und an der Universit\u00e4t Lugano (seit 2001). Pr\u00e4sident der History Section der International Association for Media and Communication Research (IAMCR) (1996-2000) und Mitglied in deren International Council (2000-2008). Mitglied verschiedener Kommissionen und Wissenschaftlicher Beir\u00e4te. 1998-2003 Dekan des Fachbereichs Sozialwissenschaften der Johannes Gutenberg-Universit\u00e4t<\/p>\n","protected":false},"author":1,"featured_media":0,"parent":0,"menu_order":0,"comment_status":"open","ping_status":"open","template":"fullwidth.php","meta":{"ngg_post_thumbnail":0,"footnotes":""},"class_list":["post-8","page","type-page","status-publish","hentry"],"_links":{"self":[{"href":"https:\/\/juergen-wilke.net\/index.php?rest_route=\/wp\/v2\/pages\/8","targetHints":{"allow":["GET"]}}],"collection":[{"href":"https:\/\/juergen-wilke.net\/index.php?rest_route=\/wp\/v2\/pages"}],"about":[{"href":"https:\/\/juergen-wilke.net\/index.php?rest_route=\/wp\/v2\/types\/page"}],"author":[{"embeddable":true,"href":"https:\/\/juergen-wilke.net\/index.php?rest_route=\/wp\/v2\/users\/1"}],"replies":[{"embeddable":true,"href":"https:\/\/juergen-wilke.net\/index.php?rest_route=%2Fwp%2Fv2%2Fcomments&post=8"}],"version-history":[{"count":13,"href":"https:\/\/juergen-wilke.net\/index.php?rest_route=\/wp\/v2\/pages\/8\/revisions"}],"predecessor-version":[{"id":616,"href":"https:\/\/juergen-wilke.net\/index.php?rest_route=\/wp\/v2\/pages\/8\/revisions\/616"}],"wp:attachment":[{"href":"https:\/\/juergen-wilke.net\/index.php?rest_route=%2Fwp%2Fv2%2Fmedia&parent=8"}],"curies":[{"name":"wp","href":"https:\/\/api.w.org\/{rel}","templated":true}]}}

<div id="attachment_9" style="width: 116px" class="wp-caption alignright"><img loading="lazy" decoding="async" aria-describedby="caption-attachment-9" class="size-medium wp-image-9" title="Zur Person" src="http://juergen-wilke.net/wp-content/uploads/2013/08/Bild2013.jpg" alt="Jürgen Wilke" width="106" height="149"><p id="caption-attachment-9" class="wp-caption-text">Bild: Christof Mattes</p></div>
<ul>
<li>Jürgen Wilke wurde 1943 in Goldap, Ostpr. geboren.</li>
<li>Studium der Germanistik, Publizistik und Kunstgeschichte in Mainz und Münster (Westfalen). Promotion zum Dr. phil. 1971.</li>
<li>Journalistische Tätigkeit.</li>
<li>Wiss. Mitarbeiter am Institut für Publizistik der Universität Mainz. Habilitation 1983.</li>
<li>Von 1984 bis 1988 Professor (Lehrstuhl Journalistik I) an der Katholischen Universität Eichstätt.</li>
<li>1985 Erhalt eines Rufes an die Universität München (abgelehnt).</li>
<li>Seit 1988 Professor für Publizistik an der Universität Mainz. Wiederholt Geschäftsführender Leiter des Instituts für&nbsp;Publizistik.</li>
<li>1986-1988 Vorsitzender der Deutschen Gesellschaft für Publizistik- und Kommunikationswissenschaft.</li>
<li>1993 und 1999 Visiting Scholar an der University of Washington in Seattle (USA).</li>
<li>Gastprofessor am Freien Russisch-Deutschen Institut für Publizistik der Lomonossow-Universität Moskau (seit 1995) und an der Universität Lugano (seit 2001).</li>
<li>Präsident der History Section der International Association for Media and Communication Research (IAMCR) (1996-2000) und Mitglied in deren International Council (2000-2008).</li>
<li>Mitglied verschiedener Kommissionen und Wissenschaftlicher Beiräte.</li>
<li>1998-2003 Dekan des Fachbereichs Sozialwissenschaften der Johannes Gutenberg-Universität Mainz.</li>
<li>2004 Verleihung des Titels eines „Professor honoris causa&#8220; durch die Fakultät für Journalistik der Lomonossow-Universität Moskau.</li>
<li>2005 Wahl zum Korrespondierenden Mitglied der Österreichischen Akademie der Wissenschaften.</li>
<li>2006-2011 Obmann (Vorsitzender) des Wissenschaftlichen Beirats des Zentrums Sozialwissenschaften der Österreichischen Akademie der Wissenschaften.</li>
<li>Ihm zu Ehren haben die Professoren Carsten Reinemann und Rudolf Stöber eine Festschrift herausgegeben. Sie trägt den Titel: „<a href="http://www.halem-verlag.de/2011/wer-die-vergangenheit-kennt-hat-eine-zukunft/">Wer die Vergangenheit kennt, hat eine Zukunft</a>“.</li>
<li>2012 Pensionierung</li>
</ul>

<p>Jürgen Wilke wurde 1943 in Goldap, Ostpr. geboren. Studium der Germanistik, Publizistik und Kunstgeschichte in Mainz und Münster (Westfalen). Promotion zum Dr. phil. 1971. Journalistische Tätigkeit. Wiss. Mitarbeiter am Institut für Publizistik der Universität Mainz. Habilitation 1983. Von 1984 bis 1988 Professor (Lehrstuhl Journalistik I) an der Katholischen Universität Eichstätt. 1985 Erhalt eines Rufes an die Universität München (abgelehnt). Seit 1988 Professor für Publizistik an der Universität Mainz. Wiederholt Geschäftsführender Leiter des Instituts für&nbsp;Publizistik. 1986-1988 Vorsitzender der Deutschen Gesellschaft für Publizistik- und Kommunikationswissenschaft. 1993 und 1999 Visiting Scholar an der University of Washington in Seattle (USA). Gastprofessor am Freien Russisch-Deutschen Institut für Publizistik der Lomonossow-Universität Moskau (seit 1995) und an der Universität Lugano (seit 2001). Präsident der History Section der International Association for Media and Communication Research (IAMCR) (1996-2000) und Mitglied in deren International Council (2000-2008). Mitglied verschiedener Kommissionen und Wissenschaftlicher Beiräte. 1998-2003 Dekan des Fachbereichs Sozialwissenschaften der Johannes Gutenberg-Universität</p>
